n 6839 is divided by 15.
14
Calculate the remainder when 231 is divided by 47.
43
What is the remainder when 528 is divided by 23?
22
What is the remainder when 414 is divided by 11?
7
What is the remainder when 1536 is divided by 76?
16
Calculate the remainder when 5351 is divided by 85.
81
What is the remainder when 513 is divided by 123?
21
What is the remainder when 2847 is divided by 94?
27
Calculate the remainder when 154 is divided by 5.
4
Calculate the remainder when 219 is divided by 37.
34
What is the remainder when 31 is divided by 6?
1
Calculate the remainder when 539 is divided by 36.
35
Calculate the remainder when 34593 is divided by 353.
352
What is the remainder when 232 is divided by 13?
11
Calculate the remainder when 584 is divided by 7.
3
Calculate the remainder when 170 is divided by 8.
2
What is the remainder when 1011 is divided by 317?
60
What is the remainder when 92 is divided by 60?
32
What is the remainder when 54 is divided by 4?
2
Calculate the remainder when 251 is divided by 179.
72
What is the remainder when 1670 is divided by 54?
50
What is the remainder when 1251 is divided by 73?
10
Calculate the remainder when 764 is divided by 95.
4
What is the remainder when 678 is divided by 7?
6
Calculate the remainder when 2755 is divided by 10.
5
What is the remainder when 3012 is divided by 601?
7
Calculate the remainder when 5549 is divided by 150.
149
What is the remainder when 366 is divided by 46?
44
What is the remainder when 2055 is divided by 17?
15
What is the remainder when 45 is divided by 23?
22
Calculate the remainder when 898 is divided by 30.
28
Calculate the remainder when 251 is divided by 126.
125
Calculate the remainder when 170 is divided by 81.
8
Calculate the remainder when 70 is divided by 53.
17
Calculate the remainder when 66 is divided by 66.
0
What is the remainder when 140 is divided by 12?
8
Calculate the remainder when 3659 is divided by 122.
121
What is the remainder when 1241 is divided by 18?
17
What is the remainder when 396 is divided by 191?
14
Calculate the remainder when 453 is divided by 65.
63
What is the remainder when 805 is divided by 31?
30
What is the remainder when 433 is divided by 213?
7
Calculate the remainder when 1043 is divided by 9.
8
Calculate the remainder when 490 is divided by 15.
10
Calculate the remainder when 62 is divided by 8.
6
Calculate the remainder when 338 is divided by 49.
44
What is the remainder when 133 is divided by 15?
13
Calculate the remainder when 109 is divided by 26.
5
Calculate the remainder when 2215 is divided by 172.
151
Calculate the remainder when 5567 is divided by 58.
57
What is the remainder when 10083 is divided by 77?
73
What is the remainder when 173 is divided by 44?
41
What is the remainder when 7210 is divided by 95?
85
What is the remainder when 1358 is divided by 105?
98
Calculate the remainder when 1008 is divided by 101.
99
What is the remainder when 439 is divided by 5?
4
What is the remainder when 1889 is divided by 2?
1
Calculate the remainder when 18 is divided by 11.
7
Calculate the remainder when 1917 is divided by 19.
17
Calculate the remainder when 112 is divided by 38.
36
What is the remainder when 76 is divided by 34?
8
What is the remainder when 19 is divided by 4?
3
Calculate the remainder when 267 is divided by 71.
54
What is the remainder when 35185 is divided by 13?
7
Calculate the remainder when 202 is divided by 86.
30
What is the remainder when 153 is divided by 150?
3
What is the remainder when 340 is divided by 44?
32
What is the remainder when 617 is divided by 10?
7
Calculate the remainder when 41511 is divided by 102.
99
Calculate the remainder when 7595 is divided by 32.
11
What is the remainder when 55 is divided by 50?
5
What is the remainder when 618 is divided by 69?
66
What is the remainder when 990 is divided by 142?
138
What is the remainder when 17725 is divided by 57?
55
Calculate the remainder when 504 is divided by 25.
4
Calculate the remainder when 260 is divided by 63.
8
What is the remainder when 2015 is divided by 501?
11
What is the remainder when 8831 is divided by 8?
7
What is the remainder when 421 is divided by 51?
13
What is the remainder when 103 is divided by 32?
7
Calculate the remainder when 7787 is divided by 44.
43
What is the remainder when 513 is divided by 12?
9
Calculate the remainder when 1080 is divided by 16.
8
What is the remainder when 238 is divided by 10?
8
Calculate the remainder when 547 is divided by 15.
7
Calculate the remainder when 284 is divided by 90.
14
Calculate the remainder when 723 is divided by 241.
0
What is the remainder when 1099 is divided by 110?
109
What is the remainder when 198 is divided by 25?
23
Calculate the remainder when 378 is divided by 203.
175
Calculate the remainder when 1858 is divided by 610.
28
Calculate the remainder when 125 is divided by 32.
29
What is the remainder when 8334 is divided by 2778?
0
Calculate the remainder when 686 is divided by 32.
14
Calculate the remainder when 90 is divided by 19.
14
Calculate the remainder when 187 is divided by 20.
7
What is the remainder when 705 is divided by 705?
0
What is the remainder when 1656 is divided by 8?
0
What is the remainder when 714 is divided by 20?
14
What is the remainder when 282 is divided by 94?
0
What is the remainder when 809 is divided by 58?
55
Calculate the remainder when 103 is divided by 27.
22
Calculate the remainder when 180 is divided by 17.
10
Calculate the remainder when 9380 is divided by 177.
176
What is the remainder when 779 is divided by 312?
155
What is the remainder when 220 is divided by 37?
35
Calculate the remainder when 60 is divided by 23.
14
Calculate the remainder when 1488 is divided by 1483.
5
What is the remainder when 2526 is divided by 23?
19
Calculate the remainder when 519 is divided by 190.
139
Calculate the remainder when 95 is divided by 4.
3
Calculate the remainder when 128 is divided by 34.
26
Calculate the remainder when 1679 is divided by 120.
119
Calculate the remainder when 219 is divided by 212.
7
Calculate the remainder when 8044 is divided by 64.
44
Calculate the remainder when 57 is divided by 26.
5
What is the remainder when 993 is divided by 3?
0
Calculate the remainder when 108 is divided by 10.
8
What is the remainder when 191 is divided by 61?
8
What is the remainder when 407 is divided by 10?
7
Calculate the remainder when 479 is divided by 119.
3
What is the remainder when 29 is divided by 17?
12
Calculate the remainder when 250 is divided by 32.
26
Calculate the remainder when 120998 is divided by 50.
48
What is the remainder when 45 is divided by 10?
5
Calculate the remainder when 304 is divided by 29.
14
What is the remainder when 1734 is divided by 3?
0
What is the remainder when 306 is divided by 14?
12
Calculate the remainder when 116 is divided by 17.
14
Calculate the remainder when 163 is divided by 50.
13
What is the remainder when 342 is divided by 1?
0
What is the remainder when 125 is divided by 27?
17
Calculate the remainder when 143 is divided by 136.
7
What is the remainder when 159 is divided by 39?
3
Calculate the remainder when 35463 is divided by 11.
10
What is the remainder when 1595 is divided by 24?
11
Calculate the remainder when 6514 is divided by 159.
154
Calculate the remainder when 1599 is divided by 89.
86
Calculate the remainder when 215 is divided by 33.
17
What is the remainder when 219 is divided by 10?
9
Calculate the remainder when 47 is divided by 35.
12
What is the remainder when 14173 is divided by 19?
18
Calculate the remainder when 2564 is divided by 103.
92
Calculate the remainder when 1060 is divided by 68.
40
What is the remainder when 14 is divided by 1?
0
Calculate the remainder when 937 is divided by 462.
13
Calculate the remainder when 556 is divided by 6.
4
Calculate the remainder when 334 is divided by 89.
67
Calculate the remainder when 473 is divided by 80.
73
What is the remainder when 5335 is divided by 7?
1
Calculate the remainder when 2985 is divided by 176.
169
Calculate the remainder when 53540 is divided by 24.
20
Calculate the remainder when 1079 is divided by 15.
14
What is the remainder when 185 is divided by 41?
21
Calculate the remainder when 122